+ 7. Let t(n) = -5*j(n) + 8*k(n). Determine t(5).
-9
Let p(u) = -4*u**2 + 8*u - 10. Let k(a) = 3*a**2 - 8*a + 10. Let v(z) = -3*k(z) - 2*p(z). What is v(6)?
2
Let l be 4 + (-1 - 1 - 0). Let s be (3 + (1 - 2))*20/8. Let d(j) = -2*j**3 - 6*j + 6 - 2 - 2 + s*j + j**2. Calculate d(l).
-12
Let q be 2 - 6 - (-1)/1. Let r(p) be the third derivative of 0*p + 1/2*p**3 + 0 - 1/24*p**4 + 1/120*p**6 + 1/20*p**5 - 10*p**2. Determine r(q).
6
Let d = 155 + -99. Let q(v) = -5 - 57*v + 0 + d*v. Give q(-7).
2
Let g(u) be the third derivative of -u**6/120 - u**5/60 + u**4/8 - 7*u**3/6 + 263*u**2. Calculate g(0).
-7
Let j be (2/(-4))/(((-35)/(-30))/(-7)). Let y(u) = -2*u**2 + 6 - 4 - 3 + 5*u + j*u**2. Give y(-5).
-1
Let z(s) = 21*s**3 + 12*s**2 + 5*s - 26. Let v(p) = -58*p**3 - 36*p**2 - 16*p + 77. Let t(f) = -4*v(f) - 11*z(f). Determine t(-11).
0
Let d(n) = -6*n**2. Suppose -48 = -3*r - r. Let h be (-1)/(-3 - r/(-3)). What is d(h)?
-6
Let c = -2 + -32. Let t = c + 30. Let l(b) = -b**3 - 3*b**2 + 2*b + 2. Calculate l(t).
10
Suppose k = 0, -i + 0*k + k + 13 = 0. Let d(g) = -5*g**2 - g - 3*g**2 + i*g**2 - 6*g**2 - 1. Give d(-2).
-3
Let z(i) = -i**2 - 5*i + 18. Suppose 12*v = -4*t + 9*v - 32, -4*t - 32 = -v. Calculate z(t).
-6
Let l(w) be the first derivative of w - 10 - 1/3*w**3 + 1/2*w**2 - 9/4*w**4. Let f be l(-1). Let v(h) = h**3 - 8*h**2 + h - 3. Determine v(f).
5
Suppose -4*t - 30 = 3*s - 2*t, t = 0. Let l(f) = -f**3 - 9*f**2 + 11*f + 11. Let v be l(s). Suppose 0 = 3*m - 14 - v. Let k(g) = -2*g + 6. Give k(m).
-4
Let f(j) be the first derivative of -13 + j + 3*j**4 + 3*j**4 - 97*j**3 + 97*j**3. What is f(1)?
25
Let m(i) = -10*i**2 - 204*i - 66. Let q be m(-20). Let w(y) = y**3 - 13*y**2 - 13*y + 5. Determine w(q).
19
Let j(d) be the first derivative of -d**3/3 + d**2/2 - 7*d - 3. Suppose -3*t + 3 + 3 = 0. Suppose 0 = i + y - 5*y - 4, 5*i - t*y = 2. Determine j(i).
-7
Suppose 2*n + x = 11, -6*x - 21 = -5*n - 2*x. Suppose 24 = 15*g - 12*g. Let y(f) = -g*f - 8*f**2 + 9*f**2 - 1 + 19 - 11. Determine y(n).
-8
Let i be -4*(1 - 5/2). Let b(l) = 3*l + 0*l - 4*l + 0*l + i + l**3 - 6*l**2. What is b(6)?
0
Let h be 68/(-18) - (-4 - (-76)/18). Let z(c) be the first derivative of 4*c + 0 + 0*c**2 - c**2 + 7 - 3. Give z(h).
12
Let v(k) = 6*k**2 - 2 - 11*k**2 - 1 - 4*k. Let q(j) = j**3. Let w(c) = q(c) + v(c). Let x be -12*((-5)/2 + 2). Give w(x).
9
Suppose -10*c + 25 = 6*x - 9*c, -4*x + 5*c + 45 = 0. Let h(j) = -j**3 + 3*j**2 + 9*j + 3. Determine h(x).
-2
Let r(k) = 6*k - 29. Let j(q) = 11*q - 30. Let w(o) = -2*j(o) + 3*r(o). Give w(-5).
-7
Let i(j) = -3*j**2 - 5*j + 12. Let s(f) = -16*f**2 - 28*f + 60. Let c(n) = -11*i(n) + 2*s(n). Give c(5).
8
Suppose -65 = -75*h + 88*h. Suppose -3*y = 2*y - 25. Let f be y*(-1)/h*-4. Let g(d) = d**2 + 3*d - 2. Determine g(f).
2
Let z be (-10)/(-15)*(-30)/4. Let y(m) = 3*m**2 - 41 - 5*m + 37 - 3*m**2 - m**2. Give y(z).
-4
Let v(w) be the second derivative of -w**4/4 - w**3/6 + 10*w. Let t = -38 - -37. Give v(t).
-2
Let d(w) = 7*w**3 + 35*w**2 + w + 5. Let x be d(-5). Let s(l) be the first derivative of x*l**3 - 1/2*l**2 - l + 3 + 1/4*l**4. Determine s(2).
5
Let m(d) be the first derivative of d**6/360 - d**5/60 - 7*d**4/24 + 13*d**3/3 + 28. Let u(q) be the third derivative of m(q). Calculate u(5).
8
Suppose 3*r - 23 = -5. Suppose 16 + 2 = r*s. Let u(b) = -b**3 + 3*b**2 + b + 2. What is u(s)?
5
Let p(o) = -o - 8. Let v = -1332 + 1329. Determine p(v).
-5
Let n(i) = 2*i - 1. Suppose -3*d = 3*d + 6. Calculate n(d).
-3
Suppose 0 = -6*p + 2*p + 12. Suppose -p*q = -0*q - 18. Let n = q - 6. Let k(v) = -v**2 + v - 2. Determine k(n).
-2
Suppose -3 = 3*b + 5*y, -3*b - 2 = y - 11. Suppose -j = -3*k + 2, k = -3*j + b*k. Let h(x) = -j + 2*x + 4 - 1 - 1. Determine h(1).
3
Let s(n) be the third derivative of 1/60*n**5 + 0 - 1/24*n**4 - 1/120*n**6 + 0*n + 11/6*n**3 - 3*n**2. Give s(0).
11
Let x(z) = -2*z. Let j be x(-1). Suppose m - j*m + 8 = 0. Let s be 5/(2 + 4/m). Let r(c) = -3*c**2 + 3*c - 2. Determine r(s).
-8
Let v(c) = 13*c. Let p(x) = x**3 - 19*x**2 - 2*x - 37. Let s be p(19). Let o = s + 76. Give v(o).
13
Let f be (-16)/(-24)*(-2)/8*-1. Let a(x) be the second derivative of 0 + f*x**3 + 7/2*x**2 - 4*x. Determine a(-5).
2
Let z be (-8)/(-2) + (-142)/24 + 2. Let q(l) be the third derivative of 0*l - z*l**5 + 5/6*l**3 + 0 - 1/24*l**4 - 1/120*l**6 + 5*l**2. What is q(-4)?
-7
Let o(i) = -i**2 - i - 4. Let m(w) be the third derivative of -w**4/24 + w**3/2 + 4*w**2. Let h be m(5). Let l be o(h). Let s(f) = -f + 4. Calculate s(l).
10
Let l(x) = x**2 + x. Let c(f) = -f**3 - 2*f**2 + 6*f + 10. Let r(h) = c(h) - 5*l(h). Suppose 21 = -7*t + 4*t. Give r(t).
3
Let m(s) = -17*s + 248. Let t be m(15). Let v(i) = -i**3 - 6*i**2 + 6*i - 2. What is v(t)?
5
Let b(k) be the first derivative of -k**2/2 + 5*k + 7. Determine b(-4).
9
Let y(f) = -f**2 - f - 6. Let x be y(6). Let g = -27 - -9. Let r be (-4)/6 + x/g. Let m(a) = a**3 - 3*a**2 + 2*a + 1. Give m(r).
1
Let y(b) = 11*b + 9. Let d(q) = 31*q + 27. Let z(a) = -6*d(a) + 17*y(a). Determine z(0).
-9
Let k(y) = -y - 1. Let c(i) = -i - 2. Let x be c(-6). Suppose 0 = -x*s + 5*u - 0*u + 36, 2*u = -3*s + 4. Give k(s).
-5
Let x(d) = -16. Let s(m) = m + 32. Let k(h) = s(h) + 2*x(h). Suppose -3*p - 6 = 3. Give k(p).
-3
Let y(r) = 5*r + 21. Let u(f) = -11*f - 44. Let i(g) = 4*u(g) + 9*y(g). Calculate i(0).
13
Let t(m) = -m**3 + 22*m**2 + 24*m - 12. Let b be 690/(-60)*(-2 - 0). Give t(b).
11
Let z(u) be the first derivative of -u**7/840 + u**6/120 - u**5/120 - u**4/8 + 5*u**3/3 - 11. Let x(g) be the third derivative of z(g). What is x(3)?
-6
Let k(j) = -7*j**2 + 2*j**3 - 1 - 3*j**3 - 5 - 9*j. Let m be (12/10*(-4)/6)/((-540)/(-4050)). Calculate k(m).
12
Let t(j) be the first derivative of -j**3/3 + j**2 + 7*j - 406. Give t(6).
-17
Let n(f) = 16*f**2 + 25*f - 16. Let d = 51 + -49. Let x(r) = -3*r**2 - 5*r + 3. Let i(y) = d*n(y) + 11*x(y). Give i(-4).
5
Suppose 0 = 5*h, u + 5*h + 0 = -1. Let o = -5 + u. Let r(m) = m**2 + 6*m + 8. What is r(o)?
8
Let i(l) = 7*l**3 - 7*l**2 - 10*l + 8. Let f(u) = 2*u**3 - u + 3. Let c(n) = -4*f(n) + i(n). Determine c(-7).
38
Let q(d) = -5*d - 10. Let s(p) be the first derivative of p**2 + 3*p - 24. Let j(y) = 2*q(y) + 7*s(y). Suppose b = -2*b + 6. Determine j(b).
9
Let d(m) be the second derivative of -2*m + 0 - 1/6*m**3 - 1/2*m**2. Determine d(-4).
3
Let m(o) = 3 + 20 + 2*o - o**2 - 15 - 9. Suppose 2*n = -3*n + 5. Determine m(n).
0
Let f(o) = o**3 - 4*o**2 - o - 1. Suppose 0*q - 14 = q. Let w = q - -17. Give f(w).
-13
Let m(y) be the third derivative of -y**4/8 - y**3/6 + 9*y**2. Let c = -1 + 1. Suppose -1 = -r - c*r. Determine m(r).
-4
Let v(i) = -i**3 - 9*i**2 + 12*i + 23. Let j = 44 - 54. Give v(j).
3
Let u(t) be the second derivative of 1/6*t**4 + 20*t - 5/6*t**3 + 3/2*t**2 + 0. What is u(3)?
6
Let h(k) = -5*k + 10. Let m be (-75)/(-5) - 14/2. Give h(m).
-30
Let b(m) = -m**3 - m**2. Let c(a) = -2*a**3 - 7*a**2 - 4*a - 8. Let v(j) = 3*b(j) - c(j). Calculate v(5).
3
Suppose 22*g = 2*g - 100. Let j(m) = m**2 + 5*m - 5. What is j(g)?
-5
Let n(u) be the second derivative of u**3/6 + u**2/2 + 3*u. Let v(z) = -11*z**3 - 3 - z - 4*z + 0*z. Let c(s) = -4*n(s) - v(s). What is c(1)?
11
Let q be 0/(-3 - -5) + 1. Suppose 4*k - 7 - q = -p, -5*k = -3*p + 7. Let n(m) = -7*m. What is n(k)?
-7
Let l(d) be the first derivative of d**3/3 - 4*d**2 - 2*d + 404. Determine l(6).
-14
Let k be (0 - -1)/(6 + (-260)/44). Suppose -13*l - 2 = -k*l. Let c(g) be the second derivative of -5*g**3/6 - g**2/2 - 2*g. Determine c(l).
4
Let h(c) = 6*c + 27 - 25 - 7*c. Give h(3).
-1
Suppose 5*k = -5*k - 80. Let r(y) = -5*y**2 - 32*y + 11. Let m(i) = 3*i**2 + 21*i - 7. Let a(s) = k*m(s) - 5*r(s). Calculate a(4).
-15
Let i(t) = -t**3 - 5*t**2 - 5*t + 2. Let m be i(-4). Let r(z) be the third derivative of -z**5/60 + z**4/6 + z**3/3 - 7*z**2 - 9*z. Give r(m).
-10
Suppose n - 4*n + 3 = 3*r, -2*r - 4*n = 0. Let u(z) = -5*z**3 + 2*z**2 + z + 2. Give u(r).
-28
Let p(u) = -35*u - 1 - 40*u + 4 + 112*u - 40*u. Give p(6).
-15
Let j(m) = -m**2 - 6. Suppose -3*u + 2*r = -11, 3*u = -5*r + 3 + 1. Suppose -2*g = 5*l, -2*g + 4*l = u*g. Calculate j(g).
-6
Suppose -w = w. Let d be ((-8)/(-2) - -3) + 20. Suppose 2*o + b + 13 = w, -3*b = -4*o - o - d.